{"id":58281,"date":"2021-02-17T19:41:14","date_gmt":"2021-02-17T18:41:14","guid":{"rendered":"https:\/\/cheznu.tv\/familymanagement\/?post_type=product&#038;p=58281"},"modified":"2023-06-13T15:12:49","modified_gmt":"2023-06-13T13:12:49","slug":"wolle-plotterdatei","status":"publish","type":"product","link":"https:\/\/cheznu.tv\/familymanagement\/produkt\/wolle-plotterdatei\/","title":{"rendered":"Plotterdatei Wollkn\u00e4ul \ud83e\uddf6"},"content":{"rendered":"<p>Wir haben den Plott auf auf die <a href=\"https:\/\/cheznu.tv\/familymanagement\/produkt\/stricktasche-auckland-stricktasche-fuers-handgelenk-schnittmuster-zum-ausdrucken\/\">Stricktasche Auckland<\/a> aufgeplottet.<\/p>\n<p><a href=\"https:\/\/cheznu.tv\/familymanagement\/stricktasche-naehen-fuers-handgelenk-mit-schnittmuster-plotterdatei\/\">Stricktasche n\u00e4hen f\u00fcrs Handgelenk<\/a><\/p>\n<p>Das Paket mit <a href=\"https:\/\/cheznu.tv\/familymanagement\/produkt\/stricktasche-auckland-stricktasche-fuers-handgelenk-schnittmuster-zum-ausdrucken-plotterdatei-wollknaeul\/\">Schnittmuster und Plotterdatei findest Du hier<\/a>.<\/p>\n<p><a href='https:\/\/www.spoonflower.com\/profiles\/cheznu_tv' target='_blank' title='Spoonflower-Shop mit den ChezNU-Designs'>Unseren neuen Spoonflower-Shop mit Stoffen im ChezNU-Design findest Du hier.<\/a><\/p><p>Neben dem Schnittmuster \/ Schema \/ Anleitung \/ Plotterdatei erh\u00e4ltst Du als Teil der erworbenen Leistung (gilt auch f\u00fcr kostenlose Produkte) auch unseren kostenlosen Newsletter \u201eSchnittmuster-Alarm\u201c. Im Schnittmuster-Alarm informieren wir haupts\u00e4chlich, aber nicht ausschliesslich \u00fcber neue Schnittmuster, Anleitungen, DIY-Projekte, Angebote in unserem Shop, Angebote in anderen Shops, Materialbezugsquellen und allem was irgendwie mit N\u00e4hen, H\u00e4keln, Basteln, Stricken, Upcycling, Organisation und Familie zu tun hat.<\/p><p>Nach Deiner Bestellung erh\u00e4ltst Du die E-Mails automatisch. Du kannst sie allerdings jederzeit und ohne Angabe von Gr\u00fcnden \u00fcber den Link am Ende jeder E-Mail abbestellen.<br>\n\tDie Transparenzerkl\u00e4rung zu unserem Schnittmuster-Alarm findest Du <a title='Transparenzerkl\u00e4rung' href='https:\/\/cheznu.tv\/familymanagement\/transparenzerklaerung-zum-schnittmuster-alarm-newsletter\/' target='_blank'>hier<\/a><\/p>\n<p><strong>Zur Plotterdatei<\/strong><\/p>\n<p>Die Plotterdateien kommen als SVG, DFX, PNG, FCM und CWPRJ. SVG-Dateine k\u00f6nnen von Plottern verarbeietet werden. Wir arbeiten mit einem <a href=\"https:\/\/amzn.to\/2yL3Kha\">Brother ScanNCut CM 900<\/a>, wenn Du auch einen ScanNCut von Brother hast, dann kannst Du direkt die FCM bzw. CWPRJ-Dateien in Dein CanvasWorkspace laden und loslegen.<\/p>\n<p>Die Datei ist nur zur privaten Verwendung, keine kommerzielle Nutzung (u.a. also kein Verkauf in irgendeiner Form), keine Massenproduktion auch nicht f\u00fcr Wohlt\u00e4tige Zwecke. Die Weitergabe der Dateien an Dritte ist untersagt.<\/p>\n<p>Gerne darfst Du Deine Ergebnisse auf Deiner Homepage, Facebook, Instagram und anderen sozialen Medien teilen, vergiss nicht hierbei <strong>ChezNU.TV<\/strong> als Urheber zu nennen. \u00dcber einen Tag oder einen <em>#cheznutv<\/em> w\u00fcrden wir uns besonders freuen. Gerne darfst Du uns auch Bilder Deiner Ergebnisse per E-Mail an <a href=\"mailto:plotter@cheznu.tv\">plotter@cheznu.tv<\/a> zusenden. Wir ver\u00f6ffentlichen diese dann auf unserem Blog und den sozialen Medien. Je nach Wunsch mit oder ohne Nennung Deines Namens.<\/p>\n","protected":false},"excerpt":{"rendered":"<p>Super einfach zu entgittern, das geht in einem Zug.<br \/>\nToll f\u00fcr alle die gerne Stricken oder jemanden beschenken m\u00f6chten, der gerne strickt. Der Plott passt super auf ein T\u00e4schchen f\u00fcr Strickkram.<\/p>\n<p>&nbsp;<\/p>\n","protected":false},"featured_media":16649,"comment_status":"open","ping_status":"closed","template":"","meta":[],"product_brand":[],"product_cat":[901,988],"product_tag":[1051,1100,885,2453,2454],"class_list":{"0":"post-58281","1":"product","2":"type-product","3":"status-publish","4":"has-post-thumbnail","6":"product_cat-muttertag","7":"product_cat-plotterdatei","8":"product_tag-plott","9":"product_tag-plotten","10":"product_tag-stricken","11":"product_tag-wolle","12":"product_tag-wollknaeul-plotterdatei","14":"first","15":"instock","16":"downloadable","17":"virtual","18":"sold-individually","19":"purchasable","20":"product-type-simple"},"yoast_head":"<!-- This site is optimized with the Yoast SEO plugin v27.4 - https:\/\/yoast.com\/product\/yoast-seo-wordpress\/ -->\n<title>Plotterdatei Wollkn\u00e4ul \ud83e\uddf6 f\u00fcr Strickfans und Geschenke f\u00fcr Strickfans<\/title>\n<meta name=\"description\" content=\"Toll f\u00fcr alle die gerne Stricken oder jemanden beschenken m\u00f6chten, der gerne strickt. Der Plott passt super auf ein T\u00e4schchen f\u00fcr Strickkram.\" \/>\n<meta name=\"robots\" content=\"index, follow, max-snippet:-1, max-image-preview:large, max-video-preview:-1\" \/>\n<link rel=\"canonical\" href=\"https:\/\/cheznu.tv\/familymanagement\/produkt\/wolle-plotterdatei\/\" \/>\n<meta property=\"og:locale\" content=\"de_DE\" \/>\n<meta property=\"og:type\" content=\"article\" \/>\n<meta property=\"og:title\" content=\"Stricktasche Auckland \ud83d\udc11 Stricktasche f\u00fcrs Handgelenk \ud83e\uddf6 Schnittmuster zum Ausdrucken &amp; Plotterdatei Wollkn\u00e4ul\" \/>\n<meta property=\"og:description\" content=\"Ein T\u00e4schchen n\u00e4hen, dass wenn man es \u00f6ffent zur Box wird. Absolut genial, wenn Du die \u00dcbersicht behalten willst \u00fcber Deine Stricknadeln, Kosmetik, Bastelsachen oder vielleicht auch Ausstecherformen.\" \/>\n<meta property=\"og:url\" content=\"https:\/\/cheznu.tv\/familymanagement\/produkt\/wolle-plotterdatei\/\" \/>\n<meta property=\"og:site_name\" content=\"ChezNU.TV\" \/>\n<meta property=\"article:publisher\" content=\"https:\/\/www.facebook.com\/cheznutv\/\" \/>\n<meta property=\"article:modified_time\" content=\"2023-06-13T13:12:49+00:00\" \/>\n<meta property=\"og:image\" content=\"https:\/\/cheznu.tv\/familymanagement\/wp-content\/uploads\/2019\/09\/Stricktasche-n\u00e4hen-Anleitung-mit-Schnittmuster-und-Plotterdatei.jpg\" \/>\n\t<meta property=\"og:image:width\" content=\"1200\" \/>\n\t<meta property=\"og:image:height\" content=\"630\" \/>\n\t<meta property=\"og:image:type\" content=\"image\/jpeg\" \/>\n<meta name=\"twitter:card\" content=\"summary_large_image\" \/>\n<meta name=\"twitter:site\" content=\"@cheznu_family\" \/>\n<meta name=\"twitter:label1\" content=\"Gesch\u00e4tzte Lesezeit\" \/>\n\t<meta name=\"twitter:data1\" content=\"1\u00a0Minute\" \/>\n<script type=\"application\/ld+json\" class=\"yoast-schema-graph\">{\"@context\":\"https:\\\/\\\/schema.org\",\"@graph\":[{\"@type\":\"WebPage\",\"@id\":\"https:\\\/\\\/cheznu.tv\\\/familymanagement\\\/produkt\\\/wolle-plotterdatei\\\/\",\"url\":\"https:\\\/\\\/cheznu.tv\\\/familymanagement\\\/produkt\\\/wolle-plotterdatei\\\/\",\"name\":\"Plotterdatei Wollkn\u00e4ul \ud83e\uddf6 f\u00fcr Strickfans und Geschenke f\u00fcr Strickfans\",\"isPartOf\":{\"@id\":\"https:\\\/\\\/cheznu.tv\\\/familymanagement\\\/#website\"},\"primaryImageOfPage\":{\"@id\":\"https:\\\/\\\/cheznu.tv\\\/familymanagement\\\/produkt\\\/wolle-plotterdatei\\\/#primaryimage\"},\"image\":{\"@id\":\"https:\\\/\\\/cheznu.tv\\\/familymanagement\\\/produkt\\\/wolle-plotterdatei\\\/#primaryimage\"},\"thumbnailUrl\":\"https:\\\/\\\/cheznu.tv\\\/familymanagement\\\/wp-content\\\/uploads\\\/2019\\\/09\\\/Stricktasche-n\u00e4hen-Schnittmuster-und-Plotterdatei-Stricktasche-Auckland-am-Handgelenk.jpg\",\"datePublished\":\"2021-02-17T18:41:14+00:00\",\"dateModified\":\"2023-06-13T13:12:49+00:00\",\"description\":\"Toll f\u00fcr alle die gerne Stricken oder jemanden beschenken m\u00f6chten, der gerne strickt. Der Plott passt super auf ein T\u00e4schchen f\u00fcr Strickkram.\",\"breadcrumb\":{\"@id\":\"https:\\\/\\\/cheznu.tv\\\/familymanagement\\\/produkt\\\/wolle-plotterdatei\\\/#breadcrumb\"},\"inLanguage\":\"de\",\"potentialAction\":[{\"@type\":\"ReadAction\",\"target\":[\"https:\\\/\\\/cheznu.tv\\\/familymanagement\\\/produkt\\\/wolle-plotterdatei\\\/\"]}]},{\"@type\":\"ImageObject\",\"inLanguage\":\"de\",\"@id\":\"https:\\\/\\\/cheznu.tv\\\/familymanagement\\\/produkt\\\/wolle-plotterdatei\\\/#primaryimage\",\"url\":\"https:\\\/\\\/cheznu.tv\\\/familymanagement\\\/wp-content\\\/uploads\\\/2019\\\/09\\\/Stricktasche-n\u00e4hen-Schnittmuster-und-Plotterdatei-Stricktasche-Auckland-am-Handgelenk.jpg\",\"contentUrl\":\"https:\\\/\\\/cheznu.tv\\\/familymanagement\\\/wp-content\\\/uploads\\\/2019\\\/09\\\/Stricktasche-n\u00e4hen-Schnittmuster-und-Plotterdatei-Stricktasche-Auckland-am-Handgelenk.jpg\",\"width\":1000,\"height\":1000,\"caption\":\"Stricktasche n\u00e4hen Schnittmuster und Plotterdatei - Stricktasche Auckland am Handgelenk\"},{\"@type\":\"BreadcrumbList\",\"@id\":\"https:\\\/\\\/cheznu.tv\\\/familymanagement\\\/produkt\\\/wolle-plotterdatei\\\/#breadcrumb\",\"itemListElement\":[{\"@type\":\"ListItem\",\"position\":1,\"name\":\"Startseite\",\"item\":\"https:\\\/\\\/cheznu.tv\\\/familymanagement\\\/\"},{\"@type\":\"ListItem\",\"position\":2,\"name\":\"Shop\",\"item\":\"https:\\\/\\\/cheznu.tv\\\/familymanagement\\\/shop\\\/\"},{\"@type\":\"ListItem\",\"position\":3,\"name\":\"Plotterdatei Wollkn\u00e4ul \ud83e\uddf6\"}]},{\"@type\":\"WebSite\",\"@id\":\"https:\\\/\\\/cheznu.tv\\\/familymanagement\\\/#website\",\"url\":\"https:\\\/\\\/cheznu.tv\\\/familymanagement\\\/\",\"name\":\"ChezNU.TV\",\"description\":\"N\u00e4hen | Basteln | Haushalt | Familie\",\"potentialAction\":[{\"@type\":\"SearchAction\",\"target\":{\"@type\":\"EntryPoint\",\"urlTemplate\":\"https:\\\/\\\/cheznu.tv\\\/familymanagement\\\/?s={search_term_string}\"},\"query-input\":{\"@type\":\"PropertyValueSpecification\",\"valueRequired\":true,\"valueName\":\"search_term_string\"}}],\"inLanguage\":\"de\"}]}<\/script>\n<!-- \/ Yoast SEO plugin. -->","yoast_head_json":{"title":"Plotterdatei Wollkn\u00e4ul \ud83e\uddf6 f\u00fcr Strickfans und Geschenke f\u00fcr Strickfans","description":"Toll f\u00fcr alle die gerne Stricken oder jemanden beschenken m\u00f6chten, der gerne strickt. Der Plott passt super auf ein T\u00e4schchen f\u00fcr Strickkram.","robots":{"index":"index","follow":"follow","max-snippet":"max-snippet:-1","max-image-preview":"max-image-preview:large","max-video-preview":"max-video-preview:-1"},"canonical":"https:\/\/cheznu.tv\/familymanagement\/produkt\/wolle-plotterdatei\/","og_locale":"de_DE","og_type":"article","og_title":"Stricktasche Auckland \ud83d\udc11 Stricktasche f\u00fcrs Handgelenk \ud83e\uddf6 Schnittmuster zum Ausdrucken & Plotterdatei Wollkn\u00e4ul","og_description":"Ein T\u00e4schchen n\u00e4hen, dass wenn man es \u00f6ffent zur Box wird. Absolut genial, wenn Du die \u00dcbersicht behalten willst \u00fcber Deine Stricknadeln, Kosmetik, Bastelsachen oder vielleicht auch Ausstecherformen.","og_url":"https:\/\/cheznu.tv\/familymanagement\/produkt\/wolle-plotterdatei\/","og_site_name":"ChezNU.TV","article_publisher":"https:\/\/www.facebook.com\/cheznutv\/","article_modified_time":"2023-06-13T13:12:49+00:00","og_image":[{"width":1200,"height":630,"url":"https:\/\/cheznu.tv\/familymanagement\/wp-content\/uploads\/2019\/09\/Stricktasche-n\u00e4hen-Anleitung-mit-Schnittmuster-und-Plotterdatei.jpg","type":"image\/jpeg"}],"twitter_card":"summary_large_image","twitter_site":"@cheznu_family","twitter_misc":{"Gesch\u00e4tzte Lesezeit":"1\u00a0Minute"},"schema":{"@context":"https:\/\/schema.org","@graph":[{"@type":"WebPage","@id":"https:\/\/cheznu.tv\/familymanagement\/produkt\/wolle-plotterdatei\/","url":"https:\/\/cheznu.tv\/familymanagement\/produkt\/wolle-plotterdatei\/","name":"Plotterdatei Wollkn\u00e4ul \ud83e\uddf6 f\u00fcr Strickfans und Geschenke f\u00fcr Strickfans","isPartOf":{"@id":"https:\/\/cheznu.tv\/familymanagement\/#website"},"primaryImageOfPage":{"@id":"https:\/\/cheznu.tv\/familymanagement\/produkt\/wolle-plotterdatei\/#primaryimage"},"image":{"@id":"https:\/\/cheznu.tv\/familymanagement\/produkt\/wolle-plotterdatei\/#primaryimage"},"thumbnailUrl":"https:\/\/cheznu.tv\/familymanagement\/wp-content\/uploads\/2019\/09\/Stricktasche-n\u00e4hen-Schnittmuster-und-Plotterdatei-Stricktasche-Auckland-am-Handgelenk.jpg","datePublished":"2021-02-17T18:41:14+00:00","dateModified":"2023-06-13T13:12:49+00:00","description":"Toll f\u00fcr alle die gerne Stricken oder jemanden beschenken m\u00f6chten, der gerne strickt. Der Plott passt super auf ein T\u00e4schchen f\u00fcr Strickkram.","breadcrumb":{"@id":"https:\/\/cheznu.tv\/familymanagement\/produkt\/wolle-plotterdatei\/#breadcrumb"},"inLanguage":"de","potentialAction":[{"@type":"ReadAction","target":["https:\/\/cheznu.tv\/familymanagement\/produkt\/wolle-plotterdatei\/"]}]},{"@type":"ImageObject","inLanguage":"de","@id":"https:\/\/cheznu.tv\/familymanagement\/produkt\/wolle-plotterdatei\/#primaryimage","url":"https:\/\/cheznu.tv\/familymanagement\/wp-content\/uploads\/2019\/09\/Stricktasche-n\u00e4hen-Schnittmuster-und-Plotterdatei-Stricktasche-Auckland-am-Handgelenk.jpg","contentUrl":"https:\/\/cheznu.tv\/familymanagement\/wp-content\/uploads\/2019\/09\/Stricktasche-n\u00e4hen-Schnittmuster-und-Plotterdatei-Stricktasche-Auckland-am-Handgelenk.jpg","width":1000,"height":1000,"caption":"Stricktasche n\u00e4hen Schnittmuster und Plotterdatei - Stricktasche Auckland am Handgelenk"},{"@type":"BreadcrumbList","@id":"https:\/\/cheznu.tv\/familymanagement\/produkt\/wolle-plotterdatei\/#breadcrumb","itemListElement":[{"@type":"ListItem","position":1,"name":"Startseite","item":"https:\/\/cheznu.tv\/familymanagement\/"},{"@type":"ListItem","position":2,"name":"Shop","item":"https:\/\/cheznu.tv\/familymanagement\/shop\/"},{"@type":"ListItem","position":3,"name":"Plotterdatei Wollkn\u00e4ul \ud83e\uddf6"}]},{"@type":"WebSite","@id":"https:\/\/cheznu.tv\/familymanagement\/#website","url":"https:\/\/cheznu.tv\/familymanagement\/","name":"ChezNU.TV","description":"N\u00e4hen | Basteln | Haushalt | Familie","potentialAction":[{"@type":"SearchAction","target":{"@type":"EntryPoint","urlTemplate":"https:\/\/cheznu.tv\/familymanagement\/?s={search_term_string}"},"query-input":{"@type":"PropertyValueSpecification","valueRequired":true,"valueName":"search_term_string"}}],"inLanguage":"de"}]}},"_links":{"self":[{"href":"https:\/\/cheznu.tv\/familymanagement\/wp-json\/wp\/v2\/product\/58281","targetHints":{"allow":["GET"]}}],"collection":[{"href":"https:\/\/cheznu.tv\/familymanagement\/wp-json\/wp\/v2\/product"}],"about":[{"href":"https:\/\/cheznu.tv\/familymanagement\/wp-json\/wp\/v2\/types\/product"}],"replies":[{"embeddable":true,"href":"https:\/\/cheznu.tv\/familymanagement\/wp-json\/wp\/v2\/comments?post=58281"}],"wp:featuredmedia":[{"embeddable":true,"href":"https:\/\/cheznu.tv\/familymanagement\/wp-json\/wp\/v2\/media\/16649"}],"wp:attachment":[{"href":"https:\/\/cheznu.tv\/familymanagement\/wp-json\/wp\/v2\/media?parent=58281"}],"wp:term":[{"taxonomy":"product_brand","embeddable":true,"href":"https:\/\/cheznu.tv\/familymanagement\/wp-json\/wp\/v2\/product_brand?post=58281"},{"taxonomy":"product_cat","embeddable":true,"href":"https:\/\/cheznu.tv\/familymanagement\/wp-json\/wp\/v2\/product_cat?post=58281"},{"taxonomy":"product_tag","embeddable":true,"href":"https:\/\/cheznu.tv\/familymanagement\/wp-json\/wp\/v2\/product_tag?post=58281"}],"curies":[{"name":"wp","href":"https:\/\/api.w.org\/{rel}","templated":true}]}}