{"id":45105,"date":"2020-07-26T11:04:24","date_gmt":"2020-07-26T09:04:24","guid":{"rendered":"https:\/\/cheznu.tv\/familymanagement\/?post_type=product&#038;p=45105"},"modified":"2024-11-28T17:50:13","modified_gmt":"2024-11-28T16:50:13","slug":"stufenrock-lucia-gratis-anleitung-schnittteile-berechnen","status":"publish","type":"product","link":"https:\/\/cheznu.tv\/familymanagement\/produkt\/stufenrock-lucia-gratis-anleitung-schnittteile-berechnen\/","title":{"rendered":"Stufenrock Lucia \ud83d\udca1 Anleitung Schnittteile berechnen"},"content":{"rendered":"<p>Die N\u00e4hanleitung f\u00fcr den Stufenrock mit vielen Bildern sowie das Anleitungsvideo findest Du hier:<\/p>\n<p><a href=\"https:\/\/cheznu.tv\/familymanagement\/stufenrock-naehen-fuer-anfaenger-ohne-schnittmuster\/\">Stufenrock n\u00e4hen<\/a><\/p>\n<p>und den <a href=\"https:\/\/cheznu.tv\/familymanagement\/stufenrockrechner\/\">Stufenrock-Rechner hier<\/a><\/p>\n<p><a href='https:\/\/www.spoonflower.com\/profiles\/cheznu_tv' target='_blank' title='Spoonflower-Shop mit den ChezNU-Designs'>Unseren neuen Spoonflower-Shop mit Stoffen im ChezNU-Design findest Du hier.<\/a><\/p><p>Neben dem Schnittmuster \/ Schema \/ Anleitung \/ Plotterdatei erh\u00e4ltst Du als Teil der erworbenen Leistung (gilt auch f\u00fcr kostenlose Produkte) auch unseren kostenlosen Newsletter \u201eSchnittmuster-Alarm\u201c. Im Schnittmuster-Alarm informieren wir haupts\u00e4chlich, aber nicht ausschliesslich \u00fcber neue Schnittmuster, Anleitungen, DIY-Projekte, Angebote in unserem Shop, Angebote in anderen Shops, Materialbezugsquellen und allem was irgendwie mit N\u00e4hen, H\u00e4keln, Basteln, Stricken, Upcycling, Organisation und Familie zu tun hat.<\/p><p>Nach Deiner Bestellung erh\u00e4ltst Du die E-Mails automatisch. Du kannst sie allerdings jederzeit und ohne Angabe von Gr\u00fcnden \u00fcber den Link am Ende jeder E-Mail abbestellen.<br>\n\tDie Transparenzerkl\u00e4rung zu unserem Schnittmuster-Alarm findest Du <a title='Transparenzerkl\u00e4rung' href='https:\/\/cheznu.tv\/familymanagement\/transparenzerklaerung-zum-schnittmuster-alarm-newsletter\/' target='_blank'>hier<\/a><\/p>\n<p><strong>Zum Schnittmuster<\/strong><\/p>\n<p>Das Schnittmuster kommt als PDF und kann auf A4-Papier (Standard) ausgedruckt und dann zusammengeklebt werden.<br \/>\nSo entf\u00e4llt das l\u00e4stige Schnittmuster kopieren mit teurem Seidenpapier. Das Schnittmuster kann nach dem Zusammenkleben direkt ausgeschnitten werden.<\/p>\n<p>Bitte beachte, die richtigen Druckoptionen einzustellen. Das funktioniert genauso, wie bei Burda.<br \/>\n<a href=\"http:\/\/cheznu.tv\/familymanagement\/burda-schnittmuster-ausdrucken\/\">Burda Schnittmuster Ausdrucken.<\/a><\/p>\n<p>Wie das mit dem Zusammenkleben funktioniert haben wir hier kurz erkl\u00e4rt.<br \/>\n<a href=\"http:\/\/cheznu.tv\/familymanagement\/so-gehts\/\">So geht\u00b4s<\/a>.<\/p>\n<p>Dieser Schnitt darf zu privaten Zwecken und zur Fertigung von Einzelst\u00fccken\/Kleinserien (bis 5 Modelle) unter Nennung der Herkunft verwendet werden (ChezNU.TV). Massenproduktion der fertigen Ware sowie Kopieren, Weitergabe, Abdruck oder Ver\u00f6ffentlichung (auch teilweise) des Schnittmusters bedarf der schriftlichen Genehmigung. Wenn Du Dir nicht sicher bist, schreibe uns einfach kurz eine <a href=\"mailto:nu@cheznu.tv\">E-Mail.<\/a><\/p>\n<p><img decoding=\"async\" src=\"https:\/\/klick.cheznu.tv\/pix\/1jqcz4na2zfze5d5\" width=\"1\" height=\"1\" \/><\/p>\n","protected":false},"excerpt":{"rendered":"<p>Du erh\u00e4lst eine Anleitung, mit der Du Dir die Schnittteile f\u00fcr einen 3-stufigen Stufenrock ausrechnen kannst. Es handelt sich um einen Schlupfrock mit Gummizug oben. Super einfach f\u00fcr N\u00e4hanf\u00e4nger ideal geeignet. Du kannst den Rock f\u00fcr ein Kind, einen Teenie oder eine Erwachsene n\u00e4hen.<\/p>\n","protected":false},"featured_media":45109,"comment_status":"open","ping_status":"closed","template":"","meta":[],"product_brand":[],"product_cat":[822,810,4392,811,1071],"product_tag":[854,814,844,815,1039,848,1175,1951,1952],"class_list":{"0":"post-45105","1":"product","2":"type-product","3":"status-publish","4":"has-post-thumbnail","6":"product_cat-kleidung","7":"product_cat-naehen","8":"product_cat-rock-kleidung","9":"product_cat-schnittmuster","10":"product_cat-urlaub","11":"product_tag-anfaenger","12":"product_tag-gratis","13":"product_tag-kinder","14":"product_tag-kostenlos","15":"product_tag-naehanfaenger","16":"product_tag-naehen","17":"product_tag-naehen-fuer-anfaenger","18":"product_tag-rock","19":"product_tag-stufenrock","21":"first","22":"instock","23":"downloadable","24":"virtual","25":"sold-individually","26":"purchasable","27":"product-type-simple"},"yoast_head":"<!-- This site is optimized with the Yoast SEO plugin v27.5 - https:\/\/yoast.com\/product\/yoast-seo-wordpress\/ -->\n<title>Stufenrock Lucia \ud83d\udca1 Anleitung Schnittteile berechnen - ChezNU.TV<\/title>\n<meta name=\"description\" content=\"Du erh\u00e4lst eine Anleitung, mit der Du Dir die Schnittteile f\u00fcr einen 3-stufigen Stufenrock ausrechnen kannst. Einen Schlupfrock mit Gummizug. Super Einfach.\" \/>\n<meta name=\"robots\" content=\"index, follow, max-snippet:-1, max-image-preview:large, max-video-preview:-1\" \/>\n<link rel=\"canonical\" href=\"https:\/\/cheznu.tv\/familymanagement\/produkt\/stufenrock-lucia-gratis-anleitung-schnittteile-berechnen\/\" \/>\n<meta property=\"og:locale\" content=\"de_DE\" \/>\n<meta property=\"og:type\" content=\"article\" \/>\n<meta property=\"og:title\" content=\"Einfaches Haarband f\u00fcr Erwachsene \u2728 Gratis Schnittmuster zum Ausdrucken\" \/>\n<meta property=\"og:description\" content=\"Schnittmuster f\u00fcr ein einfaches Haarband aus nicht elastischem Stoff. Wir haben Musselin verwendet, aber es geht auch jede andere Webware. Das Haarband ist super einfach zu n\u00e4hen und sieht einfach super aus. Vor allem, wenn Du es passend zu einem anderen Kleidungsst\u00fcck oder einer Tasche n\u00e4hst.\" \/>\n<meta property=\"og:url\" content=\"https:\/\/cheznu.tv\/familymanagement\/produkt\/stufenrock-lucia-gratis-anleitung-schnittteile-berechnen\/\" \/>\n<meta property=\"og:site_name\" content=\"ChezNU.TV\" \/>\n<meta property=\"article:publisher\" content=\"https:\/\/www.facebook.com\/cheznutv\/\" \/>\n<meta property=\"article:modified_time\" content=\"2024-11-28T16:50:13+00:00\" \/>\n<meta property=\"og:image\" content=\"https:\/\/cheznu.tv\/familymanagement\/wp-content\/uploads\/2020\/07\/gratis-Schnittmuster-Haarband-FB.jpg\" \/>\n\t<meta property=\"og:image:width\" content=\"1200\" \/>\n\t<meta property=\"og:image:height\" content=\"630\" \/>\n\t<meta property=\"og:image:type\" content=\"image\/jpeg\" \/>\n<meta name=\"twitter:card\" content=\"summary_large_image\" \/>\n<meta name=\"twitter:site\" content=\"@cheznu_family\" \/>\n<meta name=\"twitter:label1\" content=\"Gesch\u00e4tzte Lesezeit\" \/>\n\t<meta name=\"twitter:data1\" content=\"1\u00a0Minute\" \/>\n<script type=\"application\/ld+json\" class=\"yoast-schema-graph\">{\"@context\":\"https:\\\/\\\/schema.org\",\"@graph\":[{\"@type\":\"WebPage\",\"@id\":\"https:\\\/\\\/cheznu.tv\\\/familymanagement\\\/produkt\\\/stufenrock-lucia-gratis-anleitung-schnittteile-berechnen\\\/\",\"url\":\"https:\\\/\\\/cheznu.tv\\\/familymanagement\\\/produkt\\\/stufenrock-lucia-gratis-anleitung-schnittteile-berechnen\\\/\",\"name\":\"Stufenrock Lucia \ud83d\udca1 Anleitung Schnittteile berechnen - ChezNU.TV\",\"isPartOf\":{\"@id\":\"https:\\\/\\\/cheznu.tv\\\/familymanagement\\\/#website\"},\"primaryImageOfPage\":{\"@id\":\"https:\\\/\\\/cheznu.tv\\\/familymanagement\\\/produkt\\\/stufenrock-lucia-gratis-anleitung-schnittteile-berechnen\\\/#primaryimage\"},\"image\":{\"@id\":\"https:\\\/\\\/cheznu.tv\\\/familymanagement\\\/produkt\\\/stufenrock-lucia-gratis-anleitung-schnittteile-berechnen\\\/#primaryimage\"},\"thumbnailUrl\":\"https:\\\/\\\/cheznu.tv\\\/familymanagement\\\/wp-content\\\/uploads\\\/2020\\\/07\\\/Stufenrock-Lucia-Anleitung-Schnittteile-berechnen-Tragebild-1.jpg\",\"datePublished\":\"2020-07-26T09:04:24+00:00\",\"dateModified\":\"2024-11-28T16:50:13+00:00\",\"description\":\"Du erh\u00e4lst eine Anleitung, mit der Du Dir die Schnittteile f\u00fcr einen 3-stufigen Stufenrock ausrechnen kannst. Einen Schlupfrock mit Gummizug. Super Einfach.\",\"breadcrumb\":{\"@id\":\"https:\\\/\\\/cheznu.tv\\\/familymanagement\\\/produkt\\\/stufenrock-lucia-gratis-anleitung-schnittteile-berechnen\\\/#breadcrumb\"},\"inLanguage\":\"de\",\"potentialAction\":[{\"@type\":\"ReadAction\",\"target\":[\"https:\\\/\\\/cheznu.tv\\\/familymanagement\\\/produkt\\\/stufenrock-lucia-gratis-anleitung-schnittteile-berechnen\\\/\"]}]},{\"@type\":\"ImageObject\",\"inLanguage\":\"de\",\"@id\":\"https:\\\/\\\/cheznu.tv\\\/familymanagement\\\/produkt\\\/stufenrock-lucia-gratis-anleitung-schnittteile-berechnen\\\/#primaryimage\",\"url\":\"https:\\\/\\\/cheznu.tv\\\/familymanagement\\\/wp-content\\\/uploads\\\/2020\\\/07\\\/Stufenrock-Lucia-Anleitung-Schnittteile-berechnen-Tragebild-1.jpg\",\"contentUrl\":\"https:\\\/\\\/cheznu.tv\\\/familymanagement\\\/wp-content\\\/uploads\\\/2020\\\/07\\\/Stufenrock-Lucia-Anleitung-Schnittteile-berechnen-Tragebild-1.jpg\",\"width\":1000,\"height\":1000,\"caption\":\"Stufenrock Lucia Anleitung Schnittteile berechnen Tragebild 1\"},{\"@type\":\"BreadcrumbList\",\"@id\":\"https:\\\/\\\/cheznu.tv\\\/familymanagement\\\/produkt\\\/stufenrock-lucia-gratis-anleitung-schnittteile-berechnen\\\/#breadcrumb\",\"itemListElement\":[{\"@type\":\"ListItem\",\"position\":1,\"name\":\"Startseite\",\"item\":\"https:\\\/\\\/cheznu.tv\\\/familymanagement\\\/\"},{\"@type\":\"ListItem\",\"position\":2,\"name\":\"Shop\",\"item\":\"https:\\\/\\\/cheznu.tv\\\/familymanagement\\\/shop\\\/\"},{\"@type\":\"ListItem\",\"position\":3,\"name\":\"Stufenrock Lucia \ud83d\udca1 Anleitung Schnittteile berechnen\"}]},{\"@type\":\"WebSite\",\"@id\":\"https:\\\/\\\/cheznu.tv\\\/familymanagement\\\/#website\",\"url\":\"https:\\\/\\\/cheznu.tv\\\/familymanagement\\\/\",\"name\":\"ChezNU.TV\",\"description\":\"N\u00e4hen | Basteln | Haushalt | Familie\",\"potentialAction\":[{\"@type\":\"SearchAction\",\"target\":{\"@type\":\"EntryPoint\",\"urlTemplate\":\"https:\\\/\\\/cheznu.tv\\\/familymanagement\\\/?s={search_term_string}\"},\"query-input\":{\"@type\":\"PropertyValueSpecification\",\"valueRequired\":true,\"valueName\":\"search_term_string\"}}],\"inLanguage\":\"de\"}]}<\/script>\n<!-- \/ Yoast SEO plugin. -->","yoast_head_json":{"title":"Stufenrock Lucia \ud83d\udca1 Anleitung Schnittteile berechnen - ChezNU.TV","description":"Du erh\u00e4lst eine Anleitung, mit der Du Dir die Schnittteile f\u00fcr einen 3-stufigen Stufenrock ausrechnen kannst. Einen Schlupfrock mit Gummizug. Super Einfach.","robots":{"index":"index","follow":"follow","max-snippet":"max-snippet:-1","max-image-preview":"max-image-preview:large","max-video-preview":"max-video-preview:-1"},"canonical":"https:\/\/cheznu.tv\/familymanagement\/produkt\/stufenrock-lucia-gratis-anleitung-schnittteile-berechnen\/","og_locale":"de_DE","og_type":"article","og_title":"Einfaches Haarband f\u00fcr Erwachsene \u2728 Gratis Schnittmuster zum Ausdrucken","og_description":"Schnittmuster f\u00fcr ein einfaches Haarband aus nicht elastischem Stoff. Wir haben Musselin verwendet, aber es geht auch jede andere Webware. Das Haarband ist super einfach zu n\u00e4hen und sieht einfach super aus. Vor allem, wenn Du es passend zu einem anderen Kleidungsst\u00fcck oder einer Tasche n\u00e4hst.","og_url":"https:\/\/cheznu.tv\/familymanagement\/produkt\/stufenrock-lucia-gratis-anleitung-schnittteile-berechnen\/","og_site_name":"ChezNU.TV","article_publisher":"https:\/\/www.facebook.com\/cheznutv\/","article_modified_time":"2024-11-28T16:50:13+00:00","og_image":[{"width":1200,"height":630,"url":"https:\/\/cheznu.tv\/familymanagement\/wp-content\/uploads\/2020\/07\/gratis-Schnittmuster-Haarband-FB.jpg","type":"image\/jpeg"}],"twitter_card":"summary_large_image","twitter_site":"@cheznu_family","twitter_misc":{"Gesch\u00e4tzte Lesezeit":"1\u00a0Minute"},"schema":{"@context":"https:\/\/schema.org","@graph":[{"@type":"WebPage","@id":"https:\/\/cheznu.tv\/familymanagement\/produkt\/stufenrock-lucia-gratis-anleitung-schnittteile-berechnen\/","url":"https:\/\/cheznu.tv\/familymanagement\/produkt\/stufenrock-lucia-gratis-anleitung-schnittteile-berechnen\/","name":"Stufenrock Lucia \ud83d\udca1 Anleitung Schnittteile berechnen - ChezNU.TV","isPartOf":{"@id":"https:\/\/cheznu.tv\/familymanagement\/#website"},"primaryImageOfPage":{"@id":"https:\/\/cheznu.tv\/familymanagement\/produkt\/stufenrock-lucia-gratis-anleitung-schnittteile-berechnen\/#primaryimage"},"image":{"@id":"https:\/\/cheznu.tv\/familymanagement\/produkt\/stufenrock-lucia-gratis-anleitung-schnittteile-berechnen\/#primaryimage"},"thumbnailUrl":"https:\/\/cheznu.tv\/familymanagement\/wp-content\/uploads\/2020\/07\/Stufenrock-Lucia-Anleitung-Schnittteile-berechnen-Tragebild-1.jpg","datePublished":"2020-07-26T09:04:24+00:00","dateModified":"2024-11-28T16:50:13+00:00","description":"Du erh\u00e4lst eine Anleitung, mit der Du Dir die Schnittteile f\u00fcr einen 3-stufigen Stufenrock ausrechnen kannst. Einen Schlupfrock mit Gummizug. Super Einfach.","breadcrumb":{"@id":"https:\/\/cheznu.tv\/familymanagement\/produkt\/stufenrock-lucia-gratis-anleitung-schnittteile-berechnen\/#breadcrumb"},"inLanguage":"de","potentialAction":[{"@type":"ReadAction","target":["https:\/\/cheznu.tv\/familymanagement\/produkt\/stufenrock-lucia-gratis-anleitung-schnittteile-berechnen\/"]}]},{"@type":"ImageObject","inLanguage":"de","@id":"https:\/\/cheznu.tv\/familymanagement\/produkt\/stufenrock-lucia-gratis-anleitung-schnittteile-berechnen\/#primaryimage","url":"https:\/\/cheznu.tv\/familymanagement\/wp-content\/uploads\/2020\/07\/Stufenrock-Lucia-Anleitung-Schnittteile-berechnen-Tragebild-1.jpg","contentUrl":"https:\/\/cheznu.tv\/familymanagement\/wp-content\/uploads\/2020\/07\/Stufenrock-Lucia-Anleitung-Schnittteile-berechnen-Tragebild-1.jpg","width":1000,"height":1000,"caption":"Stufenrock Lucia Anleitung Schnittteile berechnen Tragebild 1"},{"@type":"BreadcrumbList","@id":"https:\/\/cheznu.tv\/familymanagement\/produkt\/stufenrock-lucia-gratis-anleitung-schnittteile-berechnen\/#breadcrumb","itemListElement":[{"@type":"ListItem","position":1,"name":"Startseite","item":"https:\/\/cheznu.tv\/familymanagement\/"},{"@type":"ListItem","position":2,"name":"Shop","item":"https:\/\/cheznu.tv\/familymanagement\/shop\/"},{"@type":"ListItem","position":3,"name":"Stufenrock Lucia \ud83d\udca1 Anleitung Schnittteile berechnen"}]},{"@type":"WebSite","@id":"https:\/\/cheznu.tv\/familymanagement\/#website","url":"https:\/\/cheznu.tv\/familymanagement\/","name":"ChezNU.TV","description":"N\u00e4hen | Basteln | Haushalt | Familie","potentialAction":[{"@type":"SearchAction","target":{"@type":"EntryPoint","urlTemplate":"https:\/\/cheznu.tv\/familymanagement\/?s={search_term_string}"},"query-input":{"@type":"PropertyValueSpecification","valueRequired":true,"valueName":"search_term_string"}}],"inLanguage":"de"}]}},"_links":{"self":[{"href":"https:\/\/cheznu.tv\/familymanagement\/wp-json\/wp\/v2\/product\/45105","targetHints":{"allow":["GET"]}}],"collection":[{"href":"https:\/\/cheznu.tv\/familymanagement\/wp-json\/wp\/v2\/product"}],"about":[{"href":"https:\/\/cheznu.tv\/familymanagement\/wp-json\/wp\/v2\/types\/product"}],"replies":[{"embeddable":true,"href":"https:\/\/cheznu.tv\/familymanagement\/wp-json\/wp\/v2\/comments?post=45105"}],"wp:featuredmedia":[{"embeddable":true,"href":"https:\/\/cheznu.tv\/familymanagement\/wp-json\/wp\/v2\/media\/45109"}],"wp:attachment":[{"href":"https:\/\/cheznu.tv\/familymanagement\/wp-json\/wp\/v2\/media?parent=45105"}],"wp:term":[{"taxonomy":"product_brand","embeddable":true,"href":"https:\/\/cheznu.tv\/familymanagement\/wp-json\/wp\/v2\/product_brand?post=45105"},{"taxonomy":"product_cat","embeddable":true,"href":"https:\/\/cheznu.tv\/familymanagement\/wp-json\/wp\/v2\/product_cat?post=45105"},{"taxonomy":"product_tag","embeddable":true,"href":"https:\/\/cheznu.tv\/familymanagement\/wp-json\/wp\/v2\/product_tag?post=45105"}],"curies":[{"name":"wp","href":"https:\/\/api.w.org\/{rel}","templated":true}]}}