{"id":11695,"date":"2018-11-06T15:32:28","date_gmt":"2018-11-06T14:32:28","guid":{"rendered":"https:\/\/cheznu.tv\/familymanagement\/?post_type=product&#038;p=11695"},"modified":"2024-10-10T00:00:16","modified_gmt":"2024-10-09T22:00:16","slug":"aermelschal-groesse-36-46-schnittmuster-zum-audrucken","status":"publish","type":"product","link":"https:\/\/cheznu.tv\/familymanagement\/produkt\/aermelschal-groesse-36-46-schnittmuster-zum-audrucken\/","title":{"rendered":"\u00c4rmelstola \u2728 \u00c4rmelschal \u2013 Gr\u00f6sse 36-46 \u2702\ufe0f Schnittmuster zum Ausdrucken"},"content":{"rendered":"<p>Die N\u00e4hanleitung mit Video f\u00fcr die \u00c4rmelstola findest Du hier:<\/p>\n<p><a href=\"https:\/\/cheznu.tv\/familymanagement\/aermelstola-naehen-mit-schnittmuster-groesse-36-46\/\">\u00c4rmelstola n\u00e4hen mit Schnittmuster Gr\u00f6sse 36-46<\/a><\/p>\n<p><strong>Bitte wie im Video gezeigt nachmessen.<\/strong><\/p>\n<p><a href='https:\/\/www.spoonflower.com\/profiles\/cheznu_tv' target='_blank' title='Spoonflower-Shop mit den ChezNU-Designs'>Unseren neuen Spoonflower-Shop mit Stoffen im ChezNU-Design findest Du hier.<\/a><\/p><p>Neben dem Schnittmuster \/ Schema \/ Anleitung \/ Plotterdatei erh\u00e4ltst Du als Teil der erworbenen Leistung (gilt auch f\u00fcr kostenlose Produkte) auch unseren kostenlosen Newsletter \u201eSchnittmuster-Alarm\u201c. Im Schnittmuster-Alarm informieren wir haupts\u00e4chlich, aber nicht ausschliesslich \u00fcber neue Schnittmuster, Anleitungen, DIY-Projekte, Angebote in unserem Shop, Angebote in anderen Shops, Materialbezugsquellen und allem was irgendwie mit N\u00e4hen, H\u00e4keln, Basteln, Stricken, Upcycling, Organisation und Familie zu tun hat.<\/p><p>Nach Deiner Bestellung erh\u00e4ltst Du die E-Mails automatisch. Du kannst sie allerdings jederzeit und ohne Angabe von Gr\u00fcnden \u00fcber den Link am Ende jeder E-Mail abbestellen.<br>\n\tDie Transparenzerkl\u00e4rung zu unserem Schnittmuster-Alarm findest Du <a title='Transparenzerkl\u00e4rung' href='https:\/\/cheznu.tv\/familymanagement\/transparenzerklaerung-zum-schnittmuster-alarm-newsletter\/' target='_blank'>hier<\/a><\/p>\n<p>Das Schnittmuster kommt als PDF und kann auf A4-Papier (Standard) ausgedruckt und dann zusammengeklebt werden.<br \/>\nSo entf\u00e4llt das l\u00e4stige Schnittmuster kopieren mit teurem Seidenpapier. Das Schnittmuster kann nach dem Zusammenkleben direkt ausgeschnitten werden.<\/p>\n<p>Bitte beachte, die richtigen Druckoptionen einzustellen. Das funktioniert genauso, wie bei Burda.<br \/>\n<a href=\"http:\/\/cheznu.tv\/familymanagement\/burda-schnittmuster-ausdrucken\/\">Burda Schnittmuster Ausdrucken.<\/a><\/p>\n<p>Wie das mit dem Zusammenkleben funktioniert haben wir hier kurz erkl\u00e4rt.<br \/>\n<a href=\"http:\/\/cheznu.tv\/familymanagement\/so-gehts\/\">So geht\u00b4s<\/a>.<\/p>\n<p><a href=\"http:\/\/cheznu.tv\/familymanagement\/wp-content\/uploads\/2018\/01\/ChezNU-Groessentabelle_fuer_Damen.pdf\" target=\"_blank\" rel=\"noopener noreferrer\">Die Gr\u00f6ssetabelle mit den Massen f\u00fcr Damen findest Du hier.<\/a><\/p>\n<p>Dieser Schnitt darf zu privaten Zwecken und zur Fertigung von Einzelst\u00fccken\/Kleinserien (bis 5 Modelle) unter Nennung der Herkunft verwendet werden (ChezNU.TV). Massenproduktion der fertigen Ware sowie Kopieren, Weitergabe, Abdruck oder Ver\u00f6ffentlichung (auch teilweise) des Schnittmusters ist bedarf der schriftlichen Genehmigung. Wenn Du Dir nicht sicher bist, schreibe uns einfach kurz eine <a href=\"mailto:nu@cheznu.tv\">E-Mail.<\/a><\/p>\n","protected":false},"excerpt":{"rendered":"<p>Das Schnittmuster f\u00fcr die \u00c4rmelstola in den Gr\u00f6ssen 36-46 ist ein ideales <strong>Anf\u00e4ngerprojekt<\/strong>, das sich einfach auf andere Gr\u00f6ssen anpassen l\u00e4sst. Der \u00c4rmelschal schmiegt sich elegant um die Schultern und ersetzt klassische Jacken oder Ponchos.<\/p>\n<p>Perfekt f\u00fcr weiche Stoffe wie <strong>Jersey<\/strong> oder <strong>Strick<\/strong>, bietet er vielseitige Styling-Optionen und ist ein stilvoller Begleiter f\u00fcr <strong>jede Jahreszeit<\/strong>.<\/p>\n","protected":false},"featured_media":11696,"comment_status":"open","ping_status":"closed","template":"","meta":[],"product_brand":[],"product_cat":[822,810,823,811,851],"product_tag":[854,806,865,807,975],"class_list":{"0":"post-11695","1":"product","2":"type-product","3":"status-publish","4":"has-post-thumbnail","6":"product_cat-kleidung","7":"product_cat-naehen","8":"product_cat-oberteil","9":"product_cat-schnittmuster","10":"product_cat-weihnachten","11":"product_tag-anfaenger","12":"product_tag-ausdrucken","13":"product_tag-jacke","14":"product_tag-schnittmuster","15":"product_tag-weste","17":"first","18":"instock","19":"downloadable","20":"virtual","21":"purchasable","22":"product-type-simple"},"yoast_head":"<!-- This site is optimized with the Yoast SEO plugin v27.4 - https:\/\/yoast.com\/product\/yoast-seo-wordpress\/ -->\n<title>\u00c4rmelschal n\u00e4hen \u2013 Schnittmuster f\u00fcr Gr\u00f6sse 36-46 \ud83d\udc57\u2702\ufe0f<\/title>\n<meta name=\"description\" content=\"Schnittmuster f\u00fcr eine elegante \u00c4rmelstola in Gr\u00f6sse 36-46. Einfach anzupassen, perfekt f\u00fcr Anf\u00e4nger. Stilvolles Accessoire f\u00fcr jede Jahreszeit \ud83c\udf3f\ud83d\udc58.\" \/>\n<meta name=\"robots\" content=\"index, follow, max-snippet:-1, max-image-preview:large, max-video-preview:-1\" \/>\n<link rel=\"canonical\" href=\"https:\/\/cheznu.tv\/familymanagement\/produkt\/aermelschal-groesse-36-46-schnittmuster-zum-audrucken\/\" \/>\n<meta property=\"og:locale\" content=\"de_DE\" \/>\n<meta property=\"og:type\" content=\"article\" \/>\n<meta property=\"og:title\" content=\"\u00c4rmelschal n\u00e4hen \u2013 Schnittmuster f\u00fcr Gr\u00f6sse 36-46 \ud83d\udc57\u2702\ufe0f\" \/>\n<meta property=\"og:description\" content=\"Schnittmuster f\u00fcr eine elegante \u00c4rmelstola in Gr\u00f6sse 36-46. Einfach anzupassen, perfekt f\u00fcr Anf\u00e4nger. Stilvolles Accessoire f\u00fcr jede Jahreszeit \ud83c\udf3f\ud83d\udc58.\" \/>\n<meta property=\"og:url\" content=\"https:\/\/cheznu.tv\/familymanagement\/produkt\/aermelschal-groesse-36-46-schnittmuster-zum-audrucken\/\" \/>\n<meta property=\"og:site_name\" content=\"ChezNU.TV\" \/>\n<meta property=\"article:publisher\" content=\"https:\/\/www.facebook.com\/cheznutv\/\" \/>\n<meta property=\"article:modified_time\" content=\"2024-10-09T22:00:16+00:00\" \/>\n<meta property=\"og:image\" content=\"https:\/\/cheznu.tv\/familymanagement\/wp-content\/uploads\/2018\/11\/1-\u00c4rmelschal-Schnittmuster-zum-Ausdrucken.png\" \/>\n\t<meta property=\"og:image:width\" content=\"800\" \/>\n\t<meta property=\"og:image:height\" content=\"800\" \/>\n\t<meta property=\"og:image:type\" content=\"image\/png\" \/>\n<meta name=\"twitter:card\" content=\"summary_large_image\" \/>\n<meta name=\"twitter:site\" content=\"@cheznu_family\" \/>\n<meta name=\"twitter:label1\" content=\"Gesch\u00e4tzte Lesezeit\" \/>\n\t<meta name=\"twitter:data1\" content=\"2\u00a0Minuten\" \/>\n<script type=\"application\/ld+json\" class=\"yoast-schema-graph\">{\"@context\":\"https:\\\/\\\/schema.org\",\"@graph\":[{\"@type\":\"WebPage\",\"@id\":\"https:\\\/\\\/cheznu.tv\\\/familymanagement\\\/produkt\\\/aermelschal-groesse-36-46-schnittmuster-zum-audrucken\\\/\",\"url\":\"https:\\\/\\\/cheznu.tv\\\/familymanagement\\\/produkt\\\/aermelschal-groesse-36-46-schnittmuster-zum-audrucken\\\/\",\"name\":\"\u00c4rmelschal n\u00e4hen \u2013 Schnittmuster f\u00fcr Gr\u00f6sse 36-46 \ud83d\udc57\u2702\ufe0f\",\"isPartOf\":{\"@id\":\"https:\\\/\\\/cheznu.tv\\\/familymanagement\\\/#website\"},\"primaryImageOfPage\":{\"@id\":\"https:\\\/\\\/cheznu.tv\\\/familymanagement\\\/produkt\\\/aermelschal-groesse-36-46-schnittmuster-zum-audrucken\\\/#primaryimage\"},\"image\":{\"@id\":\"https:\\\/\\\/cheznu.tv\\\/familymanagement\\\/produkt\\\/aermelschal-groesse-36-46-schnittmuster-zum-audrucken\\\/#primaryimage\"},\"thumbnailUrl\":\"https:\\\/\\\/cheznu.tv\\\/familymanagement\\\/wp-content\\\/uploads\\\/2018\\\/11\\\/1-\u00c4rmelschal-Schnittmuster-zum-Ausdrucken.png\",\"datePublished\":\"2018-11-06T14:32:28+00:00\",\"dateModified\":\"2024-10-09T22:00:16+00:00\",\"description\":\"Schnittmuster f\u00fcr eine elegante \u00c4rmelstola in Gr\u00f6sse 36-46. Einfach anzupassen, perfekt f\u00fcr Anf\u00e4nger. Stilvolles Accessoire f\u00fcr jede Jahreszeit \ud83c\udf3f\ud83d\udc58.\",\"breadcrumb\":{\"@id\":\"https:\\\/\\\/cheznu.tv\\\/familymanagement\\\/produkt\\\/aermelschal-groesse-36-46-schnittmuster-zum-audrucken\\\/#breadcrumb\"},\"inLanguage\":\"de\",\"potentialAction\":[{\"@type\":\"ReadAction\",\"target\":[\"https:\\\/\\\/cheznu.tv\\\/familymanagement\\\/produkt\\\/aermelschal-groesse-36-46-schnittmuster-zum-audrucken\\\/\"]}]},{\"@type\":\"ImageObject\",\"inLanguage\":\"de\",\"@id\":\"https:\\\/\\\/cheznu.tv\\\/familymanagement\\\/produkt\\\/aermelschal-groesse-36-46-schnittmuster-zum-audrucken\\\/#primaryimage\",\"url\":\"https:\\\/\\\/cheznu.tv\\\/familymanagement\\\/wp-content\\\/uploads\\\/2018\\\/11\\\/1-\u00c4rmelschal-Schnittmuster-zum-Ausdrucken.png\",\"contentUrl\":\"https:\\\/\\\/cheznu.tv\\\/familymanagement\\\/wp-content\\\/uploads\\\/2018\\\/11\\\/1-\u00c4rmelschal-Schnittmuster-zum-Ausdrucken.png\",\"width\":800,\"height\":800,\"caption\":\"1 \u00c4rmelschal Schnittmuster zum Ausdrucken\"},{\"@type\":\"BreadcrumbList\",\"@id\":\"https:\\\/\\\/cheznu.tv\\\/familymanagement\\\/produkt\\\/aermelschal-groesse-36-46-schnittmuster-zum-audrucken\\\/#breadcrumb\",\"itemListElement\":[{\"@type\":\"ListItem\",\"position\":1,\"name\":\"Startseite\",\"item\":\"https:\\\/\\\/cheznu.tv\\\/familymanagement\\\/\"},{\"@type\":\"ListItem\",\"position\":2,\"name\":\"Shop\",\"item\":\"https:\\\/\\\/cheznu.tv\\\/familymanagement\\\/shop\\\/\"},{\"@type\":\"ListItem\",\"position\":3,\"name\":\"\u00c4rmelstola \u2728 \u00c4rmelschal \u2013 Gr\u00f6sse 36-46 \u2702\ufe0f Schnittmuster zum Ausdrucken\"}]},{\"@type\":\"WebSite\",\"@id\":\"https:\\\/\\\/cheznu.tv\\\/familymanagement\\\/#website\",\"url\":\"https:\\\/\\\/cheznu.tv\\\/familymanagement\\\/\",\"name\":\"ChezNU.TV\",\"description\":\"N\u00e4hen | Basteln | Haushalt | Familie\",\"potentialAction\":[{\"@type\":\"SearchAction\",\"target\":{\"@type\":\"EntryPoint\",\"urlTemplate\":\"https:\\\/\\\/cheznu.tv\\\/familymanagement\\\/?s={search_term_string}\"},\"query-input\":{\"@type\":\"PropertyValueSpecification\",\"valueRequired\":true,\"valueName\":\"search_term_string\"}}],\"inLanguage\":\"de\"}]}<\/script>\n<!-- \/ Yoast SEO plugin. -->","yoast_head_json":{"title":"\u00c4rmelschal n\u00e4hen \u2013 Schnittmuster f\u00fcr Gr\u00f6sse 36-46 \ud83d\udc57\u2702\ufe0f","description":"Schnittmuster f\u00fcr eine elegante \u00c4rmelstola in Gr\u00f6sse 36-46. Einfach anzupassen, perfekt f\u00fcr Anf\u00e4nger. Stilvolles Accessoire f\u00fcr jede Jahreszeit \ud83c\udf3f\ud83d\udc58.","robots":{"index":"index","follow":"follow","max-snippet":"max-snippet:-1","max-image-preview":"max-image-preview:large","max-video-preview":"max-video-preview:-1"},"canonical":"https:\/\/cheznu.tv\/familymanagement\/produkt\/aermelschal-groesse-36-46-schnittmuster-zum-audrucken\/","og_locale":"de_DE","og_type":"article","og_title":"\u00c4rmelschal n\u00e4hen \u2013 Schnittmuster f\u00fcr Gr\u00f6sse 36-46 \ud83d\udc57\u2702\ufe0f","og_description":"Schnittmuster f\u00fcr eine elegante \u00c4rmelstola in Gr\u00f6sse 36-46. Einfach anzupassen, perfekt f\u00fcr Anf\u00e4nger. Stilvolles Accessoire f\u00fcr jede Jahreszeit \ud83c\udf3f\ud83d\udc58.","og_url":"https:\/\/cheznu.tv\/familymanagement\/produkt\/aermelschal-groesse-36-46-schnittmuster-zum-audrucken\/","og_site_name":"ChezNU.TV","article_publisher":"https:\/\/www.facebook.com\/cheznutv\/","article_modified_time":"2024-10-09T22:00:16+00:00","og_image":[{"width":800,"height":800,"url":"https:\/\/cheznu.tv\/familymanagement\/wp-content\/uploads\/2018\/11\/1-\u00c4rmelschal-Schnittmuster-zum-Ausdrucken.png","type":"image\/png"}],"twitter_card":"summary_large_image","twitter_site":"@cheznu_family","twitter_misc":{"Gesch\u00e4tzte Lesezeit":"2\u00a0Minuten"},"schema":{"@context":"https:\/\/schema.org","@graph":[{"@type":"WebPage","@id":"https:\/\/cheznu.tv\/familymanagement\/produkt\/aermelschal-groesse-36-46-schnittmuster-zum-audrucken\/","url":"https:\/\/cheznu.tv\/familymanagement\/produkt\/aermelschal-groesse-36-46-schnittmuster-zum-audrucken\/","name":"\u00c4rmelschal n\u00e4hen \u2013 Schnittmuster f\u00fcr Gr\u00f6sse 36-46 \ud83d\udc57\u2702\ufe0f","isPartOf":{"@id":"https:\/\/cheznu.tv\/familymanagement\/#website"},"primaryImageOfPage":{"@id":"https:\/\/cheznu.tv\/familymanagement\/produkt\/aermelschal-groesse-36-46-schnittmuster-zum-audrucken\/#primaryimage"},"image":{"@id":"https:\/\/cheznu.tv\/familymanagement\/produkt\/aermelschal-groesse-36-46-schnittmuster-zum-audrucken\/#primaryimage"},"thumbnailUrl":"https:\/\/cheznu.tv\/familymanagement\/wp-content\/uploads\/2018\/11\/1-\u00c4rmelschal-Schnittmuster-zum-Ausdrucken.png","datePublished":"2018-11-06T14:32:28+00:00","dateModified":"2024-10-09T22:00:16+00:00","description":"Schnittmuster f\u00fcr eine elegante \u00c4rmelstola in Gr\u00f6sse 36-46. Einfach anzupassen, perfekt f\u00fcr Anf\u00e4nger. Stilvolles Accessoire f\u00fcr jede Jahreszeit \ud83c\udf3f\ud83d\udc58.","breadcrumb":{"@id":"https:\/\/cheznu.tv\/familymanagement\/produkt\/aermelschal-groesse-36-46-schnittmuster-zum-audrucken\/#breadcrumb"},"inLanguage":"de","potentialAction":[{"@type":"ReadAction","target":["https:\/\/cheznu.tv\/familymanagement\/produkt\/aermelschal-groesse-36-46-schnittmuster-zum-audrucken\/"]}]},{"@type":"ImageObject","inLanguage":"de","@id":"https:\/\/cheznu.tv\/familymanagement\/produkt\/aermelschal-groesse-36-46-schnittmuster-zum-audrucken\/#primaryimage","url":"https:\/\/cheznu.tv\/familymanagement\/wp-content\/uploads\/2018\/11\/1-\u00c4rmelschal-Schnittmuster-zum-Ausdrucken.png","contentUrl":"https:\/\/cheznu.tv\/familymanagement\/wp-content\/uploads\/2018\/11\/1-\u00c4rmelschal-Schnittmuster-zum-Ausdrucken.png","width":800,"height":800,"caption":"1 \u00c4rmelschal Schnittmuster zum Ausdrucken"},{"@type":"BreadcrumbList","@id":"https:\/\/cheznu.tv\/familymanagement\/produkt\/aermelschal-groesse-36-46-schnittmuster-zum-audrucken\/#breadcrumb","itemListElement":[{"@type":"ListItem","position":1,"name":"Startseite","item":"https:\/\/cheznu.tv\/familymanagement\/"},{"@type":"ListItem","position":2,"name":"Shop","item":"https:\/\/cheznu.tv\/familymanagement\/shop\/"},{"@type":"ListItem","position":3,"name":"\u00c4rmelstola \u2728 \u00c4rmelschal \u2013 Gr\u00f6sse 36-46 \u2702\ufe0f Schnittmuster zum Ausdrucken"}]},{"@type":"WebSite","@id":"https:\/\/cheznu.tv\/familymanagement\/#website","url":"https:\/\/cheznu.tv\/familymanagement\/","name":"ChezNU.TV","description":"N\u00e4hen | Basteln | Haushalt | Familie","potentialAction":[{"@type":"SearchAction","target":{"@type":"EntryPoint","urlTemplate":"https:\/\/cheznu.tv\/familymanagement\/?s={search_term_string}"},"query-input":{"@type":"PropertyValueSpecification","valueRequired":true,"valueName":"search_term_string"}}],"inLanguage":"de"}]}},"_links":{"self":[{"href":"https:\/\/cheznu.tv\/familymanagement\/wp-json\/wp\/v2\/product\/11695","targetHints":{"allow":["GET"]}}],"collection":[{"href":"https:\/\/cheznu.tv\/familymanagement\/wp-json\/wp\/v2\/product"}],"about":[{"href":"https:\/\/cheznu.tv\/familymanagement\/wp-json\/wp\/v2\/types\/product"}],"replies":[{"embeddable":true,"href":"https:\/\/cheznu.tv\/familymanagement\/wp-json\/wp\/v2\/comments?post=11695"}],"wp:featuredmedia":[{"embeddable":true,"href":"https:\/\/cheznu.tv\/familymanagement\/wp-json\/wp\/v2\/media\/11696"}],"wp:attachment":[{"href":"https:\/\/cheznu.tv\/familymanagement\/wp-json\/wp\/v2\/media?parent=11695"}],"wp:term":[{"taxonomy":"product_brand","embeddable":true,"href":"https:\/\/cheznu.tv\/familymanagement\/wp-json\/wp\/v2\/product_brand?post=11695"},{"taxonomy":"product_cat","embeddable":true,"href":"https:\/\/cheznu.tv\/familymanagement\/wp-json\/wp\/v2\/product_cat?post=11695"},{"taxonomy":"product_tag","embeddable":true,"href":"https:\/\/cheznu.tv\/familymanagement\/wp-json\/wp\/v2\/product_tag?post=11695"}],"curies":[{"name":"wp","href":"https:\/\/api.w.org\/{rel}","templated":true}]}}